[INFO] cloning repository https://github.com/desmonty/game_test_03
[INFO] running `Command { std: "git" "-c" "credential.helper=" "-c" "credential.helper=/workspace/cargo-home/bin/git-credential-null" "clone" "--bare" "https://github.com/desmonty/game_test_03" "/workspace/cache/git-repos/https%3A%2F%2Fgithub.com%2Fdesmonty%2Fgame_test_03", kill_on_drop: false }`
[INFO] [stderr] Cloning into bare repository '/workspace/cache/git-repos/https%3A%2F%2Fgithub.com%2Fdesmonty%2Fgame_test_03'...
[INFO] running `Command { std: "git" "rev-parse" "HEAD", kill_on_drop: false }`
[INFO] [stdout] 1af23ddbadaf353b425bf33efcc9f4a9b09e9ba3
[INFO] building desmonty/game_test_03 against master#881c1ac408d93bb7adaa3a51dabab9266e82eee8 for issue-85264
[INFO] running `Command { std: "git" "clone" "/workspace/cache/git-repos/https%3A%2F%2Fgithub.com%2Fdesmonty%2Fgame_test_03" "/workspace/builds/worker-14/source", kill_on_drop: false }`
[INFO] [stderr] Cloning into '/workspace/builds/worker-14/source'...
[INFO] [stderr] done.
[INFO] validating manifest of git repo https://github.com/desmonty/game_test_03 on toolchain 881c1ac408d93bb7adaa3a51dabab9266e82eee8
[INFO] running `Command { std: "/workspace/cargo-home/bin/cargo" "+881c1ac408d93bb7adaa3a51dabab9266e82eee8" "metadata" "--manifest-path" "Cargo.toml" "--no-deps", kill_on_drop: false }`
[INFO] started tweaking git repo https://github.com/desmonty/game_test_03
[INFO] finished tweaking git repo https://github.com/desmonty/game_test_03
[INFO] tweaked toml for git repo https://github.com/desmonty/game_test_03 written to /workspace/builds/worker-14/source/Cargo.toml
[INFO] crate git repo https://github.com/desmonty/game_test_03 already has a lockfile, it will not be regenerated
[INFO] running `Command { std: "/workspace/cargo-home/bin/cargo" "+881c1ac408d93bb7adaa3a51dabab9266e82eee8" "fetch" "--manifest-path" "Cargo.toml", kill_on_drop: false }`
[INFO] [stderr]  Downloading crates ...
[INFO] [stderr]   Downloaded lyon v0.13.4
[INFO] [stderr]   Downloaded lyon_tessellation v0.13.3
[INFO] [stderr]   Downloaded gfx_device_gl v0.16.1
[INFO] [stderr]   Downloaded zip v0.5.2
[INFO] [stderr]   Downloaded gilrs-core v0.2.2
[INFO] [stderr]   Downloaded glutin v0.20.0
[INFO] [stderr]   Downloaded gilrs v0.7.1
[INFO] [stderr]   Downloaded ggez v0.5.0-rc.2
[INFO] running `Command { std: "docker" "create" "-v" "/var/lib/crater-agent-workspace/builds/worker-14/target:/opt/rustwide/target:rw,Z" "-v" "/var/lib/crater-agent-workspace/builds/worker-14/source:/opt/rustwide/workdir:ro,Z" "-v" "/var/lib/crater-agent-workspace/cargo-home:/opt/rustwide/cargo-home:ro,Z" "-v" "/var/lib/crater-agent-workspace/rustup-home:/opt/rustwide/rustup-home:ro,Z" "-e" "SOURCE_DIR=/opt/rustwide/workdir" "-e" "CARGO_TARGET_DIR=/opt/rustwide/target" "-e" "CARGO_HOME=/opt/rustwide/cargo-home" "-e" "RUSTUP_HOME=/opt/rustwide/rustup-home" "-w" "/opt/rustwide/workdir" "-m" "1610612736" "--user" "0:0" "--network" "none" "ghcr.io/rust-lang/crates-build-env/linux@sha256:20528e8c29e4536546f0102ce88568b16ea7538393a33fcca951030f7af10457" "/opt/rustwide/cargo-home/bin/cargo" "+881c1ac408d93bb7adaa3a51dabab9266e82eee8" "metadata" "--no-deps" "--format-version=1", kill_on_drop: false }`
[INFO] [stdout] 3bc3e8311ea0e47a6140bd2f2d3ce034782fe0ade94448d90553fd3177f50bad
[INFO] [stderr] WARNING: Your kernel does not support swap limit capabilities or the cgroup is not mounted. Memory limited without swap.
[INFO] running `Command { std: "docker" "start" "-a" "3bc3e8311ea0e47a6140bd2f2d3ce034782fe0ade94448d90553fd3177f50bad", kill_on_drop: false }`
[INFO] running `Command { std: "docker" "inspect" "3bc3e8311ea0e47a6140bd2f2d3ce034782fe0ade94448d90553fd3177f50bad", kill_on_drop: false }`
[INFO] running `Command { std: "docker" "rm" "-f" "3bc3e8311ea0e47a6140bd2f2d3ce034782fe0ade94448d90553fd3177f50bad", kill_on_drop: false }`
[INFO] [stdout] 3bc3e8311ea0e47a6140bd2f2d3ce034782fe0ade94448d90553fd3177f50bad
[INFO] running `Command { std: "docker" "create" "-v" "/var/lib/crater-agent-workspace/builds/worker-14/target:/opt/rustwide/target:rw,Z" "-v" "/var/lib/crater-agent-workspace/builds/worker-14/source:/opt/rustwide/workdir:ro,Z" "-v" "/var/lib/crater-agent-workspace/cargo-home:/opt/rustwide/cargo-home:ro,Z" "-v" "/var/lib/crater-agent-workspace/rustup-home:/opt/rustwide/rustup-home:ro,Z" "-e" "SOURCE_DIR=/opt/rustwide/workdir" "-e" "CARGO_TARGET_DIR=/opt/rustwide/target" "-e" "CARGO_INCREMENTAL=0" "-e" "RUST_BACKTRACE=full" "-e" "RUSTFLAGS=--cap-lints=forbid" "-e" "CARGO_HOME=/opt/rustwide/cargo-home" "-e" "RUSTUP_HOME=/opt/rustwide/rustup-home" "-w" "/opt/rustwide/workdir" "-m" "1610612736" "--user" "0:0" "--network" "none" "ghcr.io/rust-lang/crates-build-env/linux@sha256:20528e8c29e4536546f0102ce88568b16ea7538393a33fcca951030f7af10457" "/opt/rustwide/cargo-home/bin/cargo" "+881c1ac408d93bb7adaa3a51dabab9266e82eee8" "build" "--frozen" "--message-format=json", kill_on_drop: false }`
[INFO] [stdout] 2b321f952223e1a7413b369c0aa52d49574581daa462382a39492e475c805deb
[INFO] [stderr] WARNING: Your kernel does not support swap limit capabilities or the cgroup is not mounted. Memory limited without swap.
[INFO] running `Command { std: "docker" "start" "-a" "2b321f952223e1a7413b369c0aa52d49574581daa462382a39492e475c805deb", kill_on_drop: false }`
[INFO] [stderr]    Compiling libc v0.2.59
[INFO] [stderr]    Compiling unicode-xid v0.1.0
[INFO] [stderr]    Compiling spin v0.5.0
[INFO] [stderr]    Compiling syn v0.15.39
[INFO] [stderr]    Compiling log v0.4.7
[INFO] [stderr]    Compiling pkg-config v0.3.14
[INFO] [stderr]    Compiling serde v1.0.94
[INFO] [stderr]    Compiling khronos_api v3.1.0
[INFO] [stderr]    Compiling semver-parser v0.7.0
[INFO] [stderr]    Compiling scopeguard v0.3.3
[INFO] [stderr]    Compiling version_check v0.1.5
[INFO] [stderr]    Compiling stable_deref_trait v1.1.1
[INFO] [stderr]    Compiling xdg v2.2.0
[INFO] [stderr]    Compiling pulldown-cmark v0.2.0
[INFO] [stderr]    Compiling nix v0.11.1
[INFO] [stderr]    Compiling num-derive v0.2.5
[INFO] [stderr]    Compiling remove_dir_all v0.5.2
[INFO] [stderr]    Compiling lzw v0.10.0
[INFO] [stderr]    Compiling percent-encoding v1.0.1
[INFO] [stderr]    Compiling glob v0.2.11
[INFO] [stderr]    Compiling bytecount v0.4.0
[INFO] [stderr]    Compiling uuid v0.7.4
[INFO] [stderr]    Compiling vec_map v0.8.1
[INFO] [stderr]    Compiling approx v0.1.1
[INFO] [stderr]    Compiling color_quant v1.0.1
[INFO] [stderr]    Compiling xi-unicode v0.1.0
[INFO] [stderr]    Compiling mint v0.5.1
[INFO] [stderr]    Compiling fnv v1.0.6
[INFO] [stderr]    Compiling hound v3.4.0
[INFO] [stderr]    Compiling podio v0.1.6
[INFO] [stderr]    Compiling hashbrown v0.3.1
[INFO] [stderr]    Compiling claxon v0.3.3
[INFO] [stderr]    Compiling cgmath v0.17.0
[INFO] [stderr]    Compiling num-traits v0.2.8
[INFO] [stderr]    Compiling rand_chacha v0.1.1
[INFO] [stderr]    Compiling rand_pcg v0.1.2
[INFO] [stderr]    Compiling rand v0.6.5
[INFO] [stderr]    Compiling num-integer v0.1.41
[INFO] [stderr]    Compiling num-complex v0.2.3
[INFO] [stderr]    Compiling num-iter v0.1.39
[INFO] [stderr]    Compiling num-rational v0.2.2
[INFO] [stderr]    Compiling rand_chacha v0.2.0
[INFO] [stderr]    Compiling libloading v0.5.2
[INFO] [stderr]    Compiling backtrace-sys v0.1.30
[INFO] [stderr]    Compiling minimp3-sys v0.3.1
[INFO] [stderr]    Compiling bzip2-sys v0.1.7
[INFO] [stderr]    Compiling walkdir v2.2.8
[INFO] [stderr]    Compiling owning_ref v0.4.0
[INFO] [stderr]    Compiling inflate v0.4.5
[INFO] [stderr]    Compiling lazy_static v1.3.0
[INFO] [stderr]    Compiling gif v0.10.2
[INFO] [stderr]    Compiling error-chain v0.12.1
[INFO] [stderr]    Compiling proc-macro2 v0.4.30
[INFO] [stderr]    Compiling crossbeam-utils v0.6.5
[INFO] [stderr]    Compiling c2-chacha v0.2.2
[INFO] [stderr]    Compiling lock_api v0.1.5
[INFO] [stderr]    Compiling draw_state v0.8.0
[INFO] [stderr]    Compiling rustc-hash v1.0.1
[INFO] [stderr]    Compiling x11-dl v2.18.3
[INFO] [stderr]    Compiling alsa-sys v0.1.2
[INFO] [stderr]    Compiling libudev-sys v0.1.4
[INFO] [stderr]    Compiling deflate v0.7.20
[INFO] [stderr]    Compiling ogg v0.7.0
[INFO] [stderr]    Compiling jpeg-decoder v0.1.15
[INFO] [stderr]    Compiling gl_generator v0.11.0
[INFO] [stderr]    Compiling crossbeam-epoch v0.7.1
[INFO] [stderr]    Compiling quote v0.6.13
[INFO] [stderr]    Compiling rand_os v0.1.3
[INFO] [stderr]    Compiling num_cpus v1.10.1
[INFO] [stderr]    Compiling nix v0.14.1
[INFO] [stderr]    Compiling rand v0.4.6
[INFO] [stderr]    Compiling memmap v0.7.0
[INFO] [stderr]    Compiling shared_library v0.1.9
[INFO] [stderr]    Compiling slice-deque v0.2.4
[INFO] [stderr]    Compiling getrandom v0.1.6
[INFO] [stderr]    Compiling directories v1.0.2
[INFO] [stderr]    Compiling dlib v0.4.1
[INFO] [stderr]    Compiling lewton v0.9.4
[INFO] [stderr]    Compiling wayland-scanner v0.21.13
[INFO] [stderr]    Compiling crossbeam-deque v0.7.1
[INFO] [stderr]    Compiling osmesa-sys v0.1.2
[INFO] [stderr]    Compiling rand_core v0.5.0
[INFO] [stderr]    Compiling approx v0.3.2
[INFO] [stderr]    Compiling ordered-float v1.0.2
[INFO] [stderr]    Compiling num-traits v0.1.43
[INFO] [stderr]    Compiling line_drawing v0.7.0
[INFO] [stderr]    Compiling wayland-sys v0.21.13
[INFO] [stderr]    Compiling cpal v0.8.2
[INFO] [stderr]    Compiling minimp3 v0.3.3
[INFO] [stderr]    Compiling tempdir v0.3.7
[INFO] [stderr]    Compiling rand v0.3.23
[INFO] [stderr]    Compiling backtrace v0.3.32
[INFO] [stderr]    Compiling bzip2 v0.3.3
[INFO] [stderr]    Compiling sid v0.5.2
[INFO] [stderr]    Compiling rusttype v0.7.7
[INFO] [stderr]    Compiling cgmath v0.14.1
[INFO] [stderr]    Compiling gfx_gl v0.6.0
[INFO] [stderr]    Compiling glutin_glx_sys v0.1.5
[INFO] [stderr]    Compiling glutin_egl_sys v0.1.3
[INFO] [stderr]    Compiling zip v0.5.2
[INFO] [stderr]    Compiling twox-hash v1.4.2
[INFO] [stderr]    Compiling rand v0.7.0
[INFO] [stderr]    Compiling alga v0.9.1
[INFO] [stderr]    Compiling png v0.14.1
[INFO] [stderr]    Compiling andrew v0.2.1
[INFO] [stderr]    Compiling glyph_brush_layout v0.1.6
[INFO] [stderr]    Compiling semver v0.9.0
[INFO] [stderr]    Compiling serde_json v1.0.40
[INFO] [stderr]    Compiling toml v0.5.1
[INFO] [stderr]    Compiling wayland-client v0.21.13
[INFO] [stderr]    Compiling wayland-protocols v0.21.13
[INFO] [stderr]    Compiling nalgebra v0.18.0
[INFO] [stderr]    Compiling rodio v0.8.1
[INFO] [stderr]    Compiling glyph_brush v0.4.3
[INFO] [stderr]    Compiling rustc_version v0.2.3
[INFO] [stderr]    Compiling wayland-commons v0.21.13
[INFO] [stderr]    Compiling gilrs-core v0.2.2
[INFO] [stderr]    Compiling parking_lot_core v0.4.0
[INFO] [stderr]    Compiling gilrs v0.7.1
[INFO] [stderr]    Compiling parking_lot v0.7.1
[INFO] [stderr]    Compiling euclid_macros v0.1.0
[INFO] [stderr]    Compiling serde_derive v1.0.94
[INFO] [stderr]    Compiling derivative v1.0.2
[INFO] [stderr]    Compiling smart-default v0.5.2
[INFO] [stderr]    Compiling euclid v0.19.9
[INFO] [stderr]    Compiling lyon_geom v0.12.7
[INFO] [stderr]    Compiling tiff v0.2.2
[INFO] [stderr]    Compiling gfx_core v0.9.1
[INFO] [stderr]    Compiling image v0.21.2
[INFO] [stderr]    Compiling lyon_path v0.13.2
[INFO] [stderr]    Compiling lyon_tessellation v0.13.3
[INFO] [stderr]    Compiling lyon_algorithms v0.13.4
[INFO] [stderr]    Compiling smithay-client-toolkit v0.4.6
[INFO] [stderr]    Compiling lyon v0.13.4
[INFO] [stderr]    Compiling gfx_device_gl v0.16.1
[INFO] [stderr]    Compiling gfx v0.18.1
[INFO] [stderr]    Compiling winit v0.19.1
[INFO] [stderr]    Compiling cargo_metadata v0.6.4
[INFO] [stderr]    Compiling skeptic v0.13.4
[INFO] [stderr]    Compiling glutin v0.20.0
[INFO] [stderr]    Compiling ggez v0.5.0-rc.2
[INFO] [stderr]    Compiling gfx_window_glutin v0.30.0
[INFO] [stderr]    Compiling hello_ggez v0.1.0 (/opt/rustwide/workdir)
[INFO] [stdout] error: expected `,`, or `}`, found `[`
[INFO] [stdout]   --> src/map.rs:64:29
[INFO] [stdout]    |
[INFO] [stdout] 64 |     pub ideas_horizontal: usize[NUM_IDEAS],
[INFO] [stdout]    |                                ^
[INFO] [stdout] 
[INFO] [stdout] 
[INFO] [stdout] error: expected one of `!`, `(`, `+`, `::`, `;`, `<`, or `=`, found `[`
[INFO] [stdout]   --> src/map.rs:73:34
[INFO] [stdout]    |
[INFO] [stdout] 73 |         let mut ideas_horizontal: usize[NUM_IDEAS] = [0..NUM_IDEAS];
[INFO] [stdout]    |                                        ^ expected one of 7 possible tokens
[INFO] [stdout] 
[INFO] [stdout] 
[INFO] [stdout] error: missing condition for `if` expression
[INFO] [stdout]    --> src/map.rs:146:5
[INFO] [stdout]     |
[INFO] [stdout] 146 |         if self.indice ==  {
[INFO] [stdout]     |           ^ expected if condition here
[INFO] [stdout] 
[INFO] [stdout] 
[INFO] [stdout] warning: unused import: `rand::seq::SliceRandom`
[INFO] [stdout]  --> src/map.rs:1:5
[INFO] [stdout]   |
[INFO] [stdout] 1 | use rand::seq::SliceRandom;
[INFO] [stdout]   |     ^^^^^^^^^^^^^^^^^^^^^^
[INFO] [stdout]   |
[INFO] [stdout]   = note: `#[warn(unused_imports)]` on by default
[INFO] [stdout] 
[INFO] [stdout] 
[INFO] [stdout] warning: unused import: `rand::thread_rng`
[INFO] [stdout]  --> src/map.rs:2:5
[INFO] [stdout]   |
[INFO] [stdout] 2 | use rand::thread_rng;
[INFO] [stdout]   |     ^^^^^^^^^^^^^^^^
[INFO] [stdout] 
[INFO] [stdout] 
[INFO] [stdout] error[E0609]: no field `indice` on type `&mut map::Map`
[INFO] [stdout]    --> src/map.rs:112:11
[INFO] [stdout]     |
[INFO] [stdout] 112 |         if self.indice >= NUM_IDEAS {
[INFO] [stdout]     |                 ^^^^^^ unknown field
[INFO] [stdout]     |
[INFO] [stdout]     = note: available fields are: `room`, `ideas`
[INFO] [stdout] 
[INFO] [stdout] 
[INFO] [stdout] error[E0609]: no field `indice` on type `&mut map::Map`
[INFO] [stdout]    --> src/map.rs:113:9
[INFO] [stdout]     |
[INFO] [stdout] 113 |             self.indice = 0;
[INFO] [stdout]     |                  ^^^^^^ unknown field
[INFO] [stdout]     |
[INFO] [stdout]     = note: available fields are: `room`, `ideas`
[INFO] [stdout] 
[INFO] [stdout] 
[INFO] [stdout] error[E0609]: no field `indice` on type `&mut map::Map`
[INFO] [stdout]    --> src/map.rs:116:11
[INFO] [stdout]     |
[INFO] [stdout] 116 |         if self.indice == 0 {
[INFO] [stdout]     |                 ^^^^^^ unknown field
[INFO] [stdout]     |
[INFO] [stdout]     = note: available fields are: `room`, `ideas`
[INFO] [stdout] 
[INFO] [stdout] 
[INFO] [stdout] error[E0609]: no field `indice` on type `&mut map::Map`
[INFO] [stdout]    --> src/map.rs:117:9
[INFO] [stdout]     |
[INFO] [stdout] 117 |             self.indice = NUM_IDEAS - 1;
[INFO] [stdout]     |                  ^^^^^^ unknown field
[INFO] [stdout]     |
[INFO] [stdout]     = note: available fields are: `room`, `ideas`
[INFO] [stdout] 
[INFO] [stdout] 
[INFO] [stdout] error[E0609]: no field `indice` on type `&mut map::Map`
[INFO] [stdout]    --> src/map.rs:119:9
[INFO] [stdout]     |
[INFO] [stdout] 119 |             self.indice = self.indice - 1;
[INFO] [stdout]     |                  ^^^^^^ unknown field
[INFO] [stdout]     |
[INFO] [stdout]     = note: available fields are: `room`, `ideas`
[INFO] [stdout] 
[INFO] [stdout] 
[INFO] [stdout] error[E0609]: no field `indice` on type `&mut map::Map`
[INFO] [stdout]    --> src/map.rs:119:23
[INFO] [stdout]     |
[INFO] [stdout] 119 |             self.indice = self.indice - 1;
[INFO] [stdout]     |                                ^^^^^^ unknown field
[INFO] [stdout]     |
[INFO] [stdout]     = note: available fields are: `room`, `ideas`
[INFO] [stdout] 
[INFO] [stdout] 
[INFO] [stdout] error[E0609]: no field `indice` on type `&mut map::Map`
[INFO] [stdout]    --> src/map.rs:122:36
[INFO] [stdout]     |
[INFO] [stdout] 122 |         self.room.idea = self.ideas[self.indice];
[INFO] [stdout]     |                                          ^^^^^^ unknown field
[INFO] [stdout]     |
[INFO] [stdout]     = note: available fields are: `room`, `ideas`
[INFO] [stdout] 
[INFO] [stdout] 
[INFO] [stdout] error[E0609]: no field `indice` on type `&mut map::Map`
[INFO] [stdout]    --> src/map.rs:127:11
[INFO] [stdout]     |
[INFO] [stdout] 127 |         if self.indice >= NUM_IDEAS {
[INFO] [stdout]     |                 ^^^^^^ unknown field
[INFO] [stdout]     |
[INFO] [stdout]     = note: available fields are: `room`, `ideas`
[INFO] [stdout] 
[INFO] [stdout] 
[INFO] [stdout] error[E0609]: no field `indice` on type `&mut map::Map`
[INFO] [stdout]    --> src/map.rs:128:9
[INFO] [stdout]     |
[INFO] [stdout] 128 |             self.indice = 0;
[INFO] [stdout]     |                  ^^^^^^ unknown field
[INFO] [stdout]     |
[INFO] [stdout]     = note: available fields are: `room`, `ideas`
[INFO] [stdout] 
[INFO] [stdout] 
[INFO] [stdout] error[E0609]: no field `indice` on type `&mut map::Map`
[INFO] [stdout]    --> src/map.rs:131:11
[INFO] [stdout]     |
[INFO] [stdout] 131 |         if self.indice == NUM_IDEAS - 1 {
[INFO] [stdout]     |                 ^^^^^^ unknown field
[INFO] [stdout]     |
[INFO] [stdout]     = note: available fields are: `room`, `ideas`
[INFO] [stdout] 
[INFO] [stdout] 
[INFO] [stdout] error[E0609]: no field `indice` on type `&mut map::Map`
[INFO] [stdout]    --> src/map.rs:132:9
[INFO] [stdout]     |
[INFO] [stdout] 132 |             self.indice = 0;
[INFO] [stdout]     |                  ^^^^^^ unknown field
[INFO] [stdout]     |
[INFO] [stdout]     = note: available fields are: `room`, `ideas`
[INFO] [stdout] 
[INFO] [stdout] 
[INFO] [stdout] error[E0609]: no field `indice` on type `&mut map::Map`
[INFO] [stdout]    --> src/map.rs:134:9
[INFO] [stdout]     |
[INFO] [stdout] 134 |             self.indice = self.indice + 1;
[INFO] [stdout]     |                  ^^^^^^ unknown field
[INFO] [stdout]     |
[INFO] [stdout]     = note: available fields are: `room`, `ideas`
[INFO] [stdout] 
[INFO] [stdout] 
[INFO] [stdout] error[E0609]: no field `indice` on type `&mut map::Map`
[INFO] [stdout]    --> src/map.rs:134:23
[INFO] [stdout]     |
[INFO] [stdout] 134 |             self.indice = self.indice + 1;
[INFO] [stdout]     |                                ^^^^^^ unknown field
[INFO] [stdout]     |
[INFO] [stdout]     = note: available fields are: `room`, `ideas`
[INFO] [stdout] 
[INFO] [stdout] 
[INFO] [stdout] error[E0609]: no field `indice` on type `&mut map::Map`
[INFO] [stdout]    --> src/map.rs:137:36
[INFO] [stdout]     |
[INFO] [stdout] 137 |         self.room.idea = self.ideas[self.indice];
[INFO] [stdout]     |                                          ^^^^^^ unknown field
[INFO] [stdout]     |
[INFO] [stdout]     = note: available fields are: `room`, `ideas`
[INFO] [stdout] 
[INFO] [stdout] 
[INFO] [stdout] error[E0609]: no field `indice` on type `&mut map::Map`
[INFO] [stdout]    --> src/map.rs:142:11
[INFO] [stdout]     |
[INFO] [stdout] 142 |         if self.indice >= NUM_IDEAS {
[INFO] [stdout]     |                 ^^^^^^ unknown field
[INFO] [stdout]     |
[INFO] [stdout]     = note: available fields are: `room`, `ideas`
[INFO] [stdout] 
[INFO] [stdout] 
[INFO] [stdout] error[E0609]: no field `indice` on type `&mut map::Map`
[INFO] [stdout]    --> src/map.rs:143:9
[INFO] [stdout]     |
[INFO] [stdout] 143 |             self.indice = 0;
[INFO] [stdout]     |                  ^^^^^^ unknown field
[INFO] [stdout]     |
[INFO] [stdout]     = note: available fields are: `room`, `ideas`
[INFO] [stdout] 
[INFO] [stdout] 
[INFO] [stdout] error[E0609]: no field `indice` on type `&mut map::Map`
[INFO] [stdout]    --> src/map.rs:146:11
[INFO] [stdout]     |
[INFO] [stdout] 146 |         if self.indice ==  {
[INFO] [stdout]     |                 ^^^^^^ unknown field
[INFO] [stdout]     |
[INFO] [stdout]     = note: available fields are: `room`, `ideas`
[INFO] [stdout] 
[INFO] [stdout] 
[INFO] [stdout] error[E0609]: no field `indice` on type `&mut map::Map`
[INFO] [stdout]    --> src/map.rs:147:9
[INFO] [stdout]     |
[INFO] [stdout] 147 |             self.indice = NUM_IDEAS - 1;
[INFO] [stdout]     |                  ^^^^^^ unknown field
[INFO] [stdout]     |
[INFO] [stdout]     = note: available fields are: `room`, `ideas`
[INFO] [stdout] 
[INFO] [stdout] 
[INFO] [stdout] error[E0609]: no field `indice` on type `&mut map::Map`
[INFO] [stdout]    --> src/map.rs:149:9
[INFO] [stdout]     |
[INFO] [stdout] 149 |             self.indice = self.indice - 1;
[INFO] [stdout]     |                  ^^^^^^ unknown field
[INFO] [stdout]     |
[INFO] [stdout]     = note: available fields are: `room`, `ideas`
[INFO] [stdout] 
[INFO] [stdout] 
[INFO] [stdout] error[E0609]: no field `indice` on type `&mut map::Map`
[INFO] [stdout]    --> src/map.rs:149:23
[INFO] [stdout]     |
[INFO] [stdout] 149 |             self.indice = self.indice - 1;
[INFO] [stdout]     |                                ^^^^^^ unknown field
[INFO] [stdout]     |
[INFO] [stdout]     = note: available fields are: `room`, `ideas`
[INFO] [stdout] 
[INFO] [stdout] 
[INFO] [stdout] error[E0609]: no field `indice` on type `&mut map::Map`
[INFO] [stdout]    --> src/map.rs:152:36
[INFO] [stdout]     |
[INFO] [stdout] 152 |         self.room.idea = self.ideas[self.indice];
[INFO] [stdout]     |                                          ^^^^^^ unknown field
[INFO] [stdout]     |
[INFO] [stdout]     = note: available fields are: `room`, `ideas`
[INFO] [stdout] 
[INFO] [stdout] 
[INFO] [stdout] error: aborting due to 24 previous errors; 2 warnings emitted
[INFO] [stdout] 
[INFO] [stdout] 
[INFO] [stdout] For more information about this error, try `rustc --explain E0609`.
[INFO] [stdout] 
[INFO] [stderr] error: could not compile `hello_ggez`
[INFO] [stderr] 
[INFO] [stderr] To learn more, run the command again with --verbose.
[INFO] running `Command { std: "docker" "inspect" "2b321f952223e1a7413b369c0aa52d49574581daa462382a39492e475c805deb", kill_on_drop: false }`
[INFO] running `Command { std: "docker" "rm" "-f" "2b321f952223e1a7413b369c0aa52d49574581daa462382a39492e475c805deb", kill_on_drop: false }`
[INFO] [stdout] 2b321f952223e1a7413b369c0aa52d49574581daa462382a39492e475c805deb
